t is the highest common factor of 420 and 91380?
60
What is the highest common factor of 19505 and 1081?
47
Calculate the greatest common factor of 7564 and 2852.
124
Calculate the greatest common divisor of 48 and 418080.
48
What is the highest common divisor of 7752 and 31824?
408
What is the greatest common divisor of 6696 and 105912?
72
Calculate the greatest common divisor of 40006 and 1928.
482
What is the greatest common divisor of 43628 and 104?
52
Calculate the greatest common divisor of 114708 and 1089.
363
Calculate the highest common factor of 78573 and 1056.
33
What is the highest common factor of 715806 and 1242?
414
What is the greatest common divisor of 5 and 1838?
1
What is the highest common divisor of 88 and 111914?
22
What is the highest common factor of 2042414 and 68?
34
Calculate the greatest common divisor of 851800 and 200.
200
Calculate the highest common divisor of 1505 and 545.
5
Calculate the highest common factor of 58401 and 8694.
189
Calculate the highest common divisor of 12540 and 1520.
380
Calculate the greatest common divisor of 28195 and 5.
5
Calculate the greatest common factor of 2808 and 2912.
104
What is the highest common divisor of 10141684 and 28?
28
What is the greatest common factor of 39102 and 6384?
798
What is the highest common factor of 1408 and 14448?
16
Calculate the greatest common divisor of 14 and 1727285.
7
Calculate the highest common factor of 261 and 4553.
29
Calculate the greatest common factor of 68251 and 393.
131
Calculate the highest common factor of 1675 and 23.
1
What is the greatest common factor of 24888 and 21106?
122
What is the highest common divisor of 312 and 13377?
39
Calculate the greatest common factor of 21024 and 61101.
657
What is the greatest common divisor of 5457 and 57138?
321
Calculate the greatest common divisor of 123518 and 1510.
302
Calculate the greatest common divisor of 114393 and 765.
51
Calculate the greatest common factor of 8000387 and 323.
323
Calculate the highest common divisor of 3136 and 39264.
32
Calculate the highest common factor of 16 and 886704.
16
What is the greatest common factor of 674 and 2588497?
337
What is the highest common factor of 96 and 206912?
32
Calculate the highest common factor of 52 and 2366.
26
What is the highest common divisor of 120 and 1639500?
60
What is the highest common divisor of 861969 and 237?
237
Calculate the greatest common factor of 846 and 14958.
18
What is the highest common divisor of 3216 and 30928?
16
What is the greatest common divisor of 146314 and 1470?
98
Calculate the highest common factor of 6766 and 51.
17
Calculate the greatest common divisor of 21014 and 798.
266
Calculate the greatest common factor of 54 and 2863314.
18
What is the highest common divisor of 3516681 and 509?
509
Calculate the highest common factor of 5139 and 63.
9
What is the greatest common divisor of 1944 and 279?
9
What is the highest common divisor of 118 and 1592587?
59
What is the greatest common divisor of 3584 and 160?
32
Calculate the highest common factor of 15 and 9965.
5
Calculate the highest common factor of 75 and 25455.
15
Calculate the highest common divisor of 10575 and 18847.
47
What is the greatest common factor of 11480 and 392?
56
What is the highest common divisor of 1935246 and 204?
102
What is the highest common divisor of 66341 and 163?
163
Calculate the highest common factor of 858 and 11913.
33
Calculate the highest common factor of 819 and 82173.
273
Calculate the highest common factor of 2478 and 111006.
42
Calculate the greatest common divisor of 57 and 39064.
19
What is the greatest common factor of 187 and 314534?
187
What is the greatest common divisor of 59708 and 46079?
649
Calculate the greatest common factor of 3058 and 1144.
22
What is the greatest common factor of 58033 and 524?
131
What is the greatest common factor of 1495 and 299299?
299
What is the greatest common divisor of 13858 and 82?
82
Calculate the highest common factor of 6579 and 2754.
153
What is the highest common factor of 2674 and 182?
14
Calculate the greatest common divisor of 728 and 11410.
14
Calculate the greatest common divisor of 18421 and 545.
109
What is the greatest common divisor of 24 and 5687556?
12
Calculate the highest common divisor of 331708 and 260.
52
What is the highest common factor of 126 and 9128?
14
Calculate the greatest common factor of 858528 and 99.
99
Calculate the highest common divisor of 28560 and 238.
238
What is the highest common divisor of 6300 and 380?
20
Calculate the highest common divisor of 3898503 and 378.
189
What is the highest common divisor of 1056988 and 851?
23
Calculate the highest common factor of 291980 and 117.
13
What is the highest common factor of 75 and 4925?
25
What is the highest common factor of 338616 and 792?
72
Calculate the highest common factor of 19887 and 483.
21
Calculate the highest common factor of 24320 and 60.
20
What is the greatest common divisor of 46888 and 16?
8
What is the highest common divisor of 305 and 9211?
61
Calculate the highest common factor of 79968 and 98.
98
What is the greatest common factor of 2 and 2351?
1
What is the highest common factor of 234300 and 1875?
75
Calculate the highest common factor of 396 and 9988.
44
What is the greatest common factor of 2090 and 474430?
2090
What is the greatest common factor of 637 and 2574?
13
What is the greatest common divisor of 580 and 2160?
20
Calculate the highest common divisor of 12 and 301044.
12
What is the greatest common factor of 107290 and 20?
10
What is the greatest common factor of 99444 and 24?
12
What is the highest common factor of 18174 and 624?
78
Calculate the highest common factor of 138 and 45379.
23
What is the highest common factor of 6355 and 5125?
205
Calculate the highest common divisor of 750 and 48500.
250
What is the highest common divisor of 28 and 132?
4
Calculate the greatest common divisor of 128 and 13392.
16
Calculate the greatest common divisor of 7560 and 2744.
56
Calculate the highest common factor of 3199 and 193.
1
What is the highest common factor of 670 and 1702135?
335
What is the highest common factor of 112795 and 255?
85
Calculate the highest common divisor of 2680 and 256610.
670
Calculate the highest common divisor of 34619 and 130.
13
Calculate the highest common factor of 5544 and 624.
24
Calculate the highest common factor of 13489 and 4606.
329
Calculate the highest common factor of 2222 and 154.
22
Calculate the greatest common divisor of 174125 and 2000.
125
Calculate the highest common factor of 156990 and 1140.
30
What is the greatest common factor of 1870845 and 653?
653
What is the greatest common factor of 245453 and 956?
239
What is the greatest common divisor of 626330 and 20?
10
What is the greatest common factor of 101767 and 149?
149
What is the highest common divisor of 7671 and 3?
3
What is the greatest common divisor of 682892 and 290?
58
Calculate the highest common divisor of 575 and 107825.
25
Calculate the greatest common factor of 632799 and 4347.
621
Calculate the highest common divisor of 9295 and 1235.
65
Calculate the highest common divisor of 124 and 21979.
31
What is the highest common factor of 1313620 and 40?
20
What is the greatest common divisor of 20 and 63450?
10
What is the highest common divisor of 240 and 487152?
48
What is the greatest common factor of 29478 and 306?
102
Calculate the greatest common factor of 9 and 4435308.
9
What is the greatest common factor of 6555 and 19?
19
Calculate the greatest common factor of 75 and 3263975.
25
Calculate the highest common divisor of 83 and 1321526.
83
Calculate the highest common factor of 141 and 2209.
47
What is the highest common divisor of 920 and 40664?
184
Calculate the highest common factor of 201 and 568897.
67
What is the greatest common divisor of 3601 and 13247?
13
Calculate the greatest common divisor of 6 and 49754.
2
Calculate the highest common divisor of 2527889 and 91.
91
Calculate the greatest common factor of 221 and 29952.
13
What is the highest common factor of 181269 and 11?
11
Calculate the greatest common divisor of 2124 and 5428.
236
Calculate the greatest common divisor of 9980306 and 28.
14
What is the highest common divisor of